is -6128 + 6?
-6122
In base 7, what is -2 - -1624?
1622
In base 11, what is 120 - 107?
14
In base 13, what is -136 + -5?
-13b
In base 9, what is -1 - -10?
8
In base 16, what is 5 + 37b?
380
In base 7, what is -6 + 543?
534
In base 10, what is -3 + 208?
205
In base 14, what is -30 - -16?
-18
In base 8, what is -576 - 1?
-577
In base 10, what is 1080 - -15?
1095
In base 3, what is 12121 - 12?
12102
In base 3, what is 1 + 111220?
111221
In base 7, what is -5 - -113?
105
In base 8, what is -72 - 4?
-76
In base 14, what is -2 + -1?
-3
In base 5, what is 1 - -31?
32
In base 9, what is -2 - 445?
-447
In base 16, what is 147 + -9?
13e
In base 14, what is -20 - 31?
-51
In base 10, what is -590 + -1?
-591
In base 9, what is 273 - 3?
270
In base 14, what is 4a1 + -5?
49a
In base 12, what is -53 + -1?
-54
In base 11, what is -1a + -2?
-21
In base 6, what is -305 + -112?
-421
In base 10, what is -6 + 8?
2
In base 2, what is 110110101 - -100?
110111001
In base 3, what is 10200000 - 2?
10122221
In base 3, what is 11 + 200?
211
In base 5, what is 4 + -1130?
-1121
In base 10, what is -2 + 796?
794
In base 5, what is -13144 - 12?
-13211
In base 5, what is 13 - 334?
-321
In base 11, what is -4a - 63?
-102
In base 7, what is -26 - 1055?
-1114
In base 7, what is 100 - -5?
105
In base 6, what is -4443 - -20?
-4423
In base 3, what is 1000011 - -1?
1000012
In base 16, what is 4 - -100?
104
In base 13, what is 25 + 9?
31
In base 6, what is 451 + 5?
500
In base 7, what is 506 + 35?
544
In base 5, what is -1113 - 2?
-1120
In base 15, what is 1 + -b6?
-b5
In base 3, what is -221202001 - -12?
-221201212
In base 9, what is 5 + 73?
78
In base 16, what is -3b - 2?
-3d
In base 15, what is -3e - -3?
-3b
In base 14, what is 5 - 8?
-3
In base 9, what is -32172 + 5?
-32166
In base 15, what is 12 + -1b?
-9
In base 12, what is -1480 - 3?
-1483
In base 4, what is -22121 + 0?
-22121
In base 13, what is 2 - 10?
-b
In base 9, what is 1 - 4371?
-4370
In base 3, what is 110021020 - -11?
110021101
In base 15, what is -4 - -3?
-1
In base 12, what is 92 - -12?
a4
In base 12, what is 627 + 2?
629
In base 11, what is 5 - 31?
-27
In base 6, what is 3 + -2010?
-2003
In base 6, what is 34 + 21?
55
In base 10, what is 28 + 0?
28
In base 2, what is -110001 + 11000?
-11001
In base 7, what is -46 - 64?
-143
In base 9, what is 36 + 6?
43
In base 3, what is -2021 - -102?
-1212
In base 14, what is 12 - -124?
136
In base 7, what is -363 - 0?
-363
In base 12, what is 21 - 9b?
-7a
In base 2, what is -10001 + 0?
-10001
In base 7, what is -23 - 3202?
-3225
In base 7, what is -1 + 111?
110
In base 8, what is 4 + -652?
-646
In base 13, what is -200 - -4?
-1c9
In base 16, what is 16d + 0?
16d
In base 16, what is -c + 1?
-b
In base 9, what is -275 + -5?
-281
In base 8, what is -15 - 1?
-16
In base 4, what is -2 - -3111?
3103
In base 14, what is -4bc - 3?
-4c1
In base 3, what is -210020 - 11?
-210101
In base 14, what is 3b + 12?
4d
In base 6, what is -3 + -45?
-52
In base 9, what is 43 + -448?
-405
In base 11, what is 3 - -973?
976
In base 15, what is -102 + -5?
-107
In base 11, what is 581 + 4?
585
In base 3, what is -220100 - -2?
-220021
In base 4, what is -333 + -20?
-1013
In base 8, what is 36 - 151?
-113
In base 6, what is 100 + 33?
133
In base 13, what is -9 - -1b?
12
In base 14, what is -d9 + 74?
-65
In base 11, what is -186 + -13?
-199
In base 10, what is -3 - -830?
827
In base 6, what is -152 - 3?
-155
In base 2, what is -100011110100111 + -11?
-100011110101010
In base 11, what is 112 - -9?
120
In base 9, what is -5 - -273?
267
In base 12, what is -1 - 29?
-2a
In base 7, what is -5 - 6210?
-6215
In base 4, what is -23 - -11010?
10321
In base 13, what is 1 + -ab?
-aa
In base 11, what is 0 - -41?
41
In base 12, what is -1 + 14b8?
14b7
In base 6, what is -20 - -23542?
23522
In base 8, what is -36063 + -2?
-36065
In base 3, what is 2 - -1110201?
1110210
In base 15, what is -29 - 5?
-2e
In base 5, what is -314 + 20?
-244
In base 15, what is -5 + 335?
330
In base 9, what is 0 - -25?
25
In base 5, what is 0 + -110204?
-110204
In base 6, what is 2 + -12102?
-12100
In base 2, what is -11000 + -100011?
-111011
In base 5, what is -2 - -12423?
12421
In base 6, what is 1 - -5512?
5513
In base 4, what is 2222 + 223?
3111
In base 10, what is 4 - -3133?
3137
In base 5, what is 10 - -131?
141
In base 7, what is 114 - -331?
445
In base 12, what is -72 - 28?
-9a
In base 7, what is -15 - 30?
-45
In base 13, what is 21 + 6?
27
In base 5, what is 143 - 433?
-240
In base 11, what is -13a + -66?
-1a5
In base 4, what is 0 - -2010?
2010
In base 7, what is 3 + 56?
62
In base 12, what is 9 - 35?
-28
In base 4, what is -1231031 + -2?
-1231033
In base 7, what is 3204 + 21?
3225
In base 13, what is -23 + 390?
36a
In base 14, what is -50 + 4?
-4a
In base 9, what is -5 - 46?
-52
In base 13, what is 20 - 3?
1a
In base 15, what is 3 - d1a?
-d17
In base 8, what is 4 + 177?
203
In base 7, what is -631 - 4?
-635
In base 14, what is 1 + 7b?
7c
In base 16, what is 15 - 156?
-141
In base 7, what is -2 - 2026?
-2031
In base 13, what is -7 + 205?
1cb
In base 14, what is -210 - 5?
-215
In base 12, what is 416 + -6?
410
In base 8, what is -11 - -226?
215
In base 13, what is -3 - -71?
6b
In base 14, what is 3 - 37?
-34
In base 16, what is -11 - -2?
-f
In base 7, what is -36651 + 2?
-36646
In base 13, what is -4 - 33?
-37
In base 9, what is 14 - -11?
25
In base 11, what is 8 + a1?
a9
In base 6, what is -102 - -4214?
4112
In base 16, what is -3 - -3a?
37
In base 7, what is 5 + 10?
15
In base 3, what is 12 - 10010220?
-10010201
In base 6, what is 3 - -1341?
1344
In base 14, what is 2c2 - 3?
2bd
In base 8, what is 73 - -3?
76
In base 8, what is 6 + -524?
-516
In base 4, what is 3 - -110?
113
In base 15, what is -1e + 8?
-16
In base 8, what is -2 + 170?
166
In base 5, what is 4100 + 10?
4110
In base 14, what is 6c - -30?
9c
In base 10, what is -11 + 98?
87
In base 16, what is -4 - -200?
1fc
In base 10, what is 363 + 3?
366
In base 13, what is 0 + -1669?
-1669
In base 12, what is 2 + -2?
0
In base 12, what is 2 + -451?
-44b
In base 9, what is 1215 - -1?
1216
In base 2, what is 10000000 - 101?
1111011
In base 11, what is -3095 - -4?
-3091
In base 10, what is -263 + -4?
-267
In base 16, what is 0 + 7?
7
In base 9, what is 3 - 1421?
-1417
In base 6, what is 5 - -51?
100
In base 14, what is 5 - 1b7b?
-1b76
In base 14, what is -3 - -801?
7dc
In base 15, what is 0 - 62?
-62
In base 11, what is 0 + 7a?
7a
In base 16, what is 2e - -5?
33
In base 14, what is 2c3 - 3?
2c0
In base 16, what is 11c - 1?
11b
In base 13, what is 2 - 37?
-35
In base 12, what is -b + -81a?
-829
In base 5, what is 3103 - -10?
3113
In base 4, what is 10 + -1103121?
-1103111
In base 13, what is 5 + -3a?
-35
In base 11, what is 11 + -76?
-65
In base 9, what is 5 - 7487?
-7482
In base 15, what is 13 + -e?
4
In base 11, what is -1a97 + -5?
-1aa1
In base 13, what is -b - -2?
-9
In base 3, what is 101121 + -102?
101012
In base 9, what is 2 - -33?
35
In base 2, what is 10110000 + 100?
10110100
In base 11, what is -7 + 912?
906
In base 3, what is -2000121210 - 10?
-2000121220
In base 16, what is -2 - 24?
-26
In base 9, what is -887 + 4?
-883
In base 4, what is 3020 + -21?
2333
In base 9, what is -205 + -5?
-211
In base 8, what is 11220 + 2?
11222
In base 4, what is -1 + -1331?
-1332
In base 12, what is -54b - 7?
-556
In base 4, what is 31 - 12102?
-12011
In base 2, what is -11 - -1110001?
1101110
In base 3, what is -2011 - -1211?
-100
In base 15, what is -e - -10c?
ed
In base 8, what is 3 - -765?
770
In base 4, what is -22312 + -11?
-22323
In base 2, what is 1010 - 1100001100?
-1100000010
In base 10, what is 45 - 163?
-118
In base 16, what is 254 + -2?
252
In base 11, what is -4 + -40?
-44
In base 15, what is 16da - 2?
16d8
In base 6, what is -1125 + 12?
-1113
In base 15, what is -182 + -4?
-186
In base 6, what is 51 + -5?
42
In base 4, what is -12 - 10232?
-10310
In base 16, what is 0 + -1170?
-1170
In base 5, what is 3 + -14013?
-14010
In base 8, what is 1 + -250?
-247
In base 3, what is 1021 - -10011?
11102
In base 4, what is -210 + -33?
-303
In base 8, what is -1 + -62?
-63
In base 11, what is 26 + -2?
24
In base 13, what is 37 - -6?
40
In base 16, what is 112b - 0?
112b
In base 16, what 